{"id":1707,"date":"2020-11-02T12:35:49","date_gmt":"2020-11-02T15:35:49","guid":{"rendered":"https:\/\/isef-sjn.infd.edu.ar\/sitio\/?page_id=1707"},"modified":"2020-11-02T17:24:50","modified_gmt":"2020-11-02T20:24:50","slug":"requisitos-para-la-inscripcion","status":"publish","type":"page","link":"https:\/\/isef-sjn.infd.edu.ar\/sitio\/requisitos-para-la-inscripcion\/","title":{"rendered":"Requisitos para la inscripci\u00f3n"},"content":{"rendered":"<p><strong><u>INSTITUTO SUPERIOR DE EDUCACI\u00d3N F\u00cdSICA DE SAN JUAN<\/u><\/strong><\/p>\n<p><strong>REQUISITOS DE INSCRIPCI\u00d3N PARA INTERINATOS Y SUPLENCIAS <\/strong><\/p>\n<p><strong>1.-<\/strong> Reunir las condiciones generales y concurrentes de la Ley 14.473 del estatuto del docente nacional y su reglamentaci\u00f3n, en el cap\u00edtulo VII, art\u00edculo 13, inciso a), b), c), f) y g).<\/p>\n<p><strong>2.- <u>TITULACI\u00d3N<\/u><\/strong><\/p>\n<ul>\n<li><strong>T\u00edtulo Docente<\/strong> de Nivel Superior de cuatro (4) a\u00f1os o m\u00e1s, correspondiente al perfil requerido para la unidad curricular a la que aspira. Se priorizar\u00e1 en el orden de m\u00e9rito la titulaci\u00f3n af\u00edn.<\/li>\n<li><strong>T\u00edtulo Habilitante con capacitaci\u00f3n docente<\/strong> para Nivel Superior y af\u00edn a la unidad curricular a la que aspira.<\/li>\n<\/ul>\n<p>&nbsp;<\/p>\n<p><strong>3.- <u>ANTIG\u00dcEDAD<\/u><\/strong><\/p>\n<ul>\n<li>Para desempe\u00f1arse como docente del I.S.E.F. deber\u00e1 acreditar un m\u00ednimo de cinco (5) a\u00f1os antig\u00fcedad en la docencia.<\/li>\n<li>Para las unidades curriculares <em>Did\u00e1ctica de la Educaci\u00f3n F\u00edsica en el Nivel Inicial y Primaria y Did\u00e1ctica de la Educaci\u00f3n F\u00edsica en el Nivel Secundario y Especial,<\/em> deber\u00e1 acreditar siete (7) a\u00f1os de antig\u00fcedad como profesor de Educaci\u00f3n F\u00edsica en los niveles de referencia.<\/li>\n<li>Para las unidades curriculares de <em>Practica Profesional I y II,<\/em> deber\u00e1 acreditar siete (7) a\u00f1os de antig\u00fcedad como profesor de Educaci\u00f3n F\u00edsica en los niveles Primario y Secundario.<\/li>\n<li>Para las unidades curriculares de <em>Practica Profesional III y IV,<\/em> deber\u00e1 acreditar diez (10) a\u00f1os de antig\u00fcedad como profesor de Educaci\u00f3n F\u00edsica en los niveles Primario y Secundario.<\/li>\n<li>Para el cargo de Prof. A. deber\u00e1 acreditar siete (7) a\u00f1os de ejercicio como profesor de Educaci\u00f3n F\u00edsica en los niveles Primario y Secundario.<\/li>\n<li>Para el Cargo de Bedel deber\u00e1 acreditar tres (3) de antig\u00fcedad en la docencia.<\/li>\n<\/ul>\n<p><strong>4.- <u>PODR\u00c1 OPTAR POR INSCRIBIRSE EN<\/u>:<\/strong><\/p>\n<ul>\n<li><strong>Una (1), dos (2) o 3(tres) unidades curriculares. <\/strong><\/li>\n<li><strong>En un (1) cargo y en una (1) o dos (2) unidades curriculares.<\/strong><\/li>\n<li><strong>En dos (2) cargos.<\/strong><\/li>\n<\/ul>\n<p><strong>Observaciones: <\/strong><\/p>\n<p><strong>Se considera \u201caf\u00edn\u201d, a todos los t\u00edtulos y certificaciones inherentes a las caracter\u00edsticas y especificidad de la unidad curricular a la que aspira emitidos por organismos oficiales del orden p\u00fablico y privado.<\/strong><\/p>\n<p><strong>El interesado deber\u00e1 presentar certificaciones espec\u00edficas para las unidades curriculares a las cuales aspira, requisito fundamental para que sus antecedentes sean valorados.<\/strong><\/p>\n<p><a href=\"https:\/\/isef-sjn.infd.edu.ar\/sitio\/wp-content\/uploads\/2020\/11\/Requisitos-Inscripcio\u0301n-Interinatos-y-Suplencias-2021.pdf\">Requisitos Inscripcio\u0301n Interinatos y Suplencias 2021<\/a>\u00a0(descargar)<\/p>\n<p>Para consultas est\u00e1 disponible el siguiente e-mail: secretariaisef2020@gmail.com<\/p>\n<p>&nbsp;<\/p>\n","protected":false},"excerpt":{"rendered":"<p>INSTITUTO SUPERIOR DE EDUCACI\u00d3N F\u00cdSICA DE SAN JUAN REQUISITOS DE INSCRIPCI\u00d3N PARA INTERINATOS Y SUPLENCIAS 1.- Reunir las condiciones generales y concurrentes de la Ley 14.473 del estatuto del docente nacional y su reglamentaci\u00f3n, en el cap\u00edtulo VII, art\u00edculo 13, inciso a), b), c), f) y g). 2.- TITULACI\u00d3N T\u00edtulo Docente de Nivel Superior de &#8230; <a title=\"Requisitos para la inscripci\u00f3n\" class=\"read-more\" href=\"https:\/\/isef-sjn.infd.edu.ar\/sitio\/requisitos-para-la-inscripcion\/\" aria-label=\"More on Requisitos para la inscripci\u00f3n\">[+]<\/a><\/p>\n","protected":false},"author":65,"featured_media":0,"parent":0,"menu_order":0,"comment_status":"closed","ping_status":"closed","template":"","meta":[],"acf":[],"_links":{"self":[{"href":"https:\/\/isef-sjn.infd.edu.ar\/sitio\/wp-json\/wp\/v2\/pages\/1707"}],"collection":[{"href":"https:\/\/isef-sjn.infd.edu.ar\/sitio\/wp-json\/wp\/v2\/pages"}],"about":[{"href":"https:\/\/isef-sjn.infd.edu.ar\/sitio\/wp-json\/wp\/v2\/types\/page"}],"author":[{"embeddable":true,"href":"https:\/\/isef-sjn.infd.edu.ar\/sitio\/wp-json\/wp\/v2\/users\/65"}],"replies":[{"embeddable":true,"href":"https:\/\/isef-sjn.infd.edu.ar\/sitio\/wp-json\/wp\/v2\/comments?post=1707"}],"version-history":[{"count":4,"href":"https:\/\/isef-sjn.infd.edu.ar\/sitio\/wp-json\/wp\/v2\/pages\/1707\/revisions"}],"predecessor-version":[{"id":1717,"href":"https:\/\/isef-sjn.infd.edu.ar\/sitio\/wp-json\/wp\/v2\/pages\/1707\/revisions\/1717"}],"wp:attachment":[{"href":"https:\/\/isef-sjn.infd.edu.ar\/sitio\/wp-json\/wp\/v2\/media?parent=1707"}],"curies":[{"name":"wp","href":"https:\/\/api.w.org\/{rel}","templated":true}]}}