{"id":1430,"date":"2020-04-05T15:28:55","date_gmt":"2020-04-05T18:28:55","guid":{"rendered":"https:\/\/isef-sjn.infd.edu.ar\/sitio\/?page_id=1430"},"modified":"2020-04-05T16:16:26","modified_gmt":"2020-04-05T19:16:26","slug":"2-ano","status":"publish","type":"page","link":"https:\/\/isef-sjn.infd.edu.ar\/sitio\/2-ano\/","title":{"rendered":"2\u00b0 A\u00d1O"},"content":{"rendered":"<p><a href=\"https:\/\/isef-sjn.infd.edu.ar\/sitio\/wp-content\/uploads\/2019\/09\/15.Did\u00e1ctica-y-Curriculum.-Alday-Barilari.doc\">15.Did\u00e1ctica y Curriculum. Alday- Barilari<\/a><\/p>\n<p><a href=\"https:\/\/isef-sjn.infd.edu.ar\/sitio\/wp-content\/uploads\/2019\/08\/16.Sujeto-de-la-Edcuaci\u00f3n-de-Nivel-Inicial-y-Primario.doc\">16.Sujeto de la Edcuaci\u00f3n de Nivel Inicial y Primario<\/a><\/p>\n<p><a href=\"https:\/\/isef-sjn.infd.edu.ar\/sitio\/wp-content\/uploads\/2019\/08\/17.Sociolog\u00eda-de-la-educaci\u00f3n.-Campi.doc\">17.Sociolog\u00eda de la educaci\u00f3n. Campi<\/a><\/p>\n<p><a href=\"https:\/\/isef-sjn.infd.edu.ar\/sitio\/wp-content\/uploads\/2019\/08\/17.Sociolog\u00eda-de-la-educaci\u00f3n.pdf\">17.Sociolog\u00eda de la educaci\u00f3n<\/a><\/p>\n<p><a href=\"https:\/\/isef-sjn.infd.edu.ar\/sitio\/wp-content\/uploads\/2019\/08\/18.Filosof\u00eda-y-conocimiento.doc\">18.Filosof\u00eda y conocimiento<\/a><\/p>\n<p><a href=\"https:\/\/isef-sjn.infd.edu.ar\/sitio\/wp-content\/uploads\/2019\/09\/19.Sujto-de-la-Educaci\u00f3n-Secundaria-y-Especial.-Bruna-G\u00f3mez.doc\">19.Sujto de la Educaci\u00f3n Secundaria y Especial. Bruna &#8211; G\u00f3mez<\/a><\/p>\n<p><a href=\"https:\/\/isef-sjn.infd.edu.ar\/sitio\/wp-content\/uploads\/2019\/09\/19.Sujto-de-la-Educaci\u00f3n-Secundaria-y-Especial.-Bruna-G\u00f3mez.doc\">19.Sujeto de la Educaci\u00f3n Secundaria y Especial. Bruna &#8211; G\u00f3mez<\/a><\/p>\n<p><a href=\"https:\/\/isef-sjn.infd.edu.ar\/sitio\/wp-content\/uploads\/2019\/09\/20.Pr\u00e1cticas-Atl\u00e9ticas-y-su-ense\u00f1anza.Abd\u00f3n.doc\">20.Pr\u00e1cticas Atl\u00e9ticas y su ense\u00f1anza.Abd\u00f3n<\/a><\/p>\n<p><a href=\"https:\/\/isef-sjn.infd.edu.ar\/sitio\/wp-content\/uploads\/2019\/08\/21.B\u00e1squetbol-y-su-ense\u00f1anza.doc\">21.B\u00e1squetbol y su ense\u00f1anza<\/a><\/p>\n<p><a href=\"https:\/\/isef-sjn.infd.edu.ar\/sitio\/wp-content\/uploads\/2019\/08\/22.Handball-y-su-ense\u00f1anza.doc\">22.Handball y su ense\u00f1anza<\/a><\/p>\n<p><a href=\"https:\/\/isef-sjn.infd.edu.ar\/sitio\/wp-content\/uploads\/2019\/08\/23.Pr\u00e1ctica-en-ambientes-naturales.doc\">23.Pr\u00e1ctica en ambientes naturales<\/a><\/p>\n<p><a href=\"https:\/\/isef-sjn.infd.edu.ar\/sitio\/wp-content\/uploads\/2019\/11\/24.Fisiolog\u00eda-del-Movimiento.doc\">24.Fisiolog\u00eda del Movimiento<\/a><\/p>\n<p><a href=\"https:\/\/isef-sjn.infd.edu.ar\/sitio\/wp-content\/uploads\/2019\/10\/25.Historia-y-Epistemolog\u00eda-de-la-Educaci\u00f3n-F\u00edsica.pdf\">25.Historia y Epistemolog\u00eda de la Educaci\u00f3n F\u00edsica<\/a><\/p>\n<p><a href=\"https:\/\/isef-sjn.infd.edu.ar\/sitio\/wp-content\/uploads\/2019\/09\/26.Pr\u00e1ctica-Profesional-II.doc\">26.Pr\u00e1ctica Profesional II<\/a><\/p>\n<p>&nbsp;<\/p>\n<p>&nbsp;<\/p>\n<p>&nbsp;<\/p>\n<p>&nbsp;<\/p>\n","protected":false},"excerpt":{"rendered":"<p>15.Did\u00e1ctica y Curriculum. Alday- Barilari 16.Sujeto de la Edcuaci\u00f3n de Nivel Inicial y Primario 17.Sociolog\u00eda de la educaci\u00f3n. Campi 17.Sociolog\u00eda de la educaci\u00f3n 18.Filosof\u00eda y conocimiento 19.Sujto de la Educaci\u00f3n Secundaria y Especial. Bruna &#8211; G\u00f3mez 19.Sujeto de la Educaci\u00f3n Secundaria y Especial. Bruna &#8211; G\u00f3mez 20.Pr\u00e1cticas Atl\u00e9ticas y su ense\u00f1anza.Abd\u00f3n 21.B\u00e1squetbol y su ense\u00f1anza &#8230; <a title=\"2\u00b0 A\u00d1O\" class=\"read-more\" href=\"https:\/\/isef-sjn.infd.edu.ar\/sitio\/2-ano\/\" aria-label=\"More on 2\u00b0 A\u00d1O\">[+]<\/a><\/p>\n","protected":false},"author":65,"featured_media":0,"parent":0,"menu_order":0,"comment_status":"closed","ping_status":"closed","template":"","meta":[],"acf":[],"_links":{"self":[{"href":"https:\/\/isef-sjn.infd.edu.ar\/sitio\/wp-json\/wp\/v2\/pages\/1430"}],"collection":[{"href":"https:\/\/isef-sjn.infd.edu.ar\/sitio\/wp-json\/wp\/v2\/pages"}],"about":[{"href":"https:\/\/isef-sjn.infd.edu.ar\/sitio\/wp-json\/wp\/v2\/types\/page"}],"author":[{"embeddable":true,"href":"https:\/\/isef-sjn.infd.edu.ar\/sitio\/wp-json\/wp\/v2\/users\/65"}],"replies":[{"embeddable":true,"href":"https:\/\/isef-sjn.infd.edu.ar\/sitio\/wp-json\/wp\/v2\/comments?post=1430"}],"version-history":[{"count":4,"href":"https:\/\/isef-sjn.infd.edu.ar\/sitio\/wp-json\/wp\/v2\/pages\/1430\/revisions"}],"predecessor-version":[{"id":1454,"href":"https:\/\/isef-sjn.infd.edu.ar\/sitio\/wp-json\/wp\/v2\/pages\/1430\/revisions\/1454"}],"wp:attachment":[{"href":"https:\/\/isef-sjn.infd.edu.ar\/sitio\/wp-json\/wp\/v2\/media?parent=1430"}],"curies":[{"name":"wp","href":"https:\/\/api.w.org\/{rel}","templated":true}]}}